{"id":5,"date":"2019-11-26T12:22:54","date_gmt":"2019-11-26T12:22:54","guid":{"rendered":"https:\/\/demosites.io\/blogger-gb\/?page_id=5"},"modified":"2024-02-20T18:52:00","modified_gmt":"2024-02-20T18:52:00","slug":"582c1-blogger-gb-home","status":"publish","type":"page","link":"https:\/\/xn--jrg-dietiker-dlb.ch\/","title":{"rendered":"J\u00fcrg Dietiker"},"content":{"rendered":"\n<div id=\"wp-block-themeisle-blocks-advanced-columns-5a83b79b\" class=\"wp-block-themeisle-blocks-advanced-columns alignfull has-2-columns has-desktop-equal-layout has-tablet-equal-layout has-mobile-collapsedRows-layout has-vertical-center has-dark-bg\"><div class=\"wp-block-themeisle-blocks-advanced-columns-overlay\"><\/div><div class=\"innerblocks-wrap\">\n<div id=\"wp-block-themeisle-blocks-advanced-column-02495679\" class=\"wp-block-themeisle-blocks-advanced-column ticss-48ef8f35\">\n<h3 class=\"wp-block-heading has-nv-text-dark-bg-color has-text-color\"><strong>J\u00fcrg Dietiker<\/strong><\/h3>\n\n\n\n<p class=\"has-nv-text-dark-bg-color has-text-color\">Prof. dipl. Ing., MAE<\/p>\n\n\n\n<p>Seit den Siebzigerjahren als Verkehrs- und Raumplaner t\u00e4tig. Eigenes Planungsb\u00fcro in Brugg AG seit 1984. Professor f\u00fcr Verkehr und St\u00e4dtebau an der ZHAW Z\u00fcrcher Hochschule f\u00fcr angewandte Wissenschaften bis 2012. Arbeits- und Forschungsschwerpunkte in der nachhaltigen Verkehrsplanung und der Ergr\u00fcndung des Mobilit\u00e4tsverhaltens. Leitung von Forschungsprojekten (NFP, SVI, VSS) in den Bereichen Verkehr, Umwelt, Mobilit\u00e4tsverhalten und Projektierungsgrundlagen. Moderation von Planungsprozessen und Konkurrenzverfahren. Masterabschluss MAE Universit\u00e4t Z\u00fcrich f\u00fcr angewandte Ethik 2003. Ehrenmitglied SVI.<\/p>\n\n\n\n<p><\/p>\n\n\n\n<p>Planungsb\u00fcro J\u00fcrg Dietiker<br>Verkehrs- und Raumplanung<br>Spitalrain 3<br>CH-5200 Brugg<br>Tel. 0041 76 441 88 24<\/p>\n\n\n\n<p>juerg.dietiker@pop.agri.ch<\/p>\n<\/div>\n\n\n\n<div id=\"wp-block-themeisle-blocks-advanced-column-67e16009\" class=\"wp-block-themeisle-blocks-advanced-column ticss-5418d6a3\">\n<figure class=\"wp-block-image size-full is-resized\"><img fetchpriority=\"high\" decoding=\"async\" width=\"246\" height=\"194\" src=\"https:\/\/ml21ma66r7ks.i.optimole.com\/w:auto\/h:auto\/q:mauto\/ig:avif\/https:\/\/xn--jrg-dietiker-dlb.ch\/wp-content\/uploads\/2024\/02\/jurg-edited.jpeg\" alt=\"\" class=\"wp-image-127\" style=\"width:463px;height:auto\"\/><\/figure>\n<\/div>\n<\/div><\/div>\n","protected":false},"excerpt":{"rendered":"","protected":false},"author":1,"featured_media":0,"parent":0,"menu_order":0,"comment_status":"closed","ping_status":"closed","template":"page-templates\/template-pagebuilder-full-width.php","meta":{"neve_meta_sidebar":"full-width","neve_meta_container":"contained","neve_meta_enable_content_width":"on","neve_meta_content_width":63,"neve_meta_title_alignment":"","neve_meta_author_avatar":"","neve_post_elements_order":"","neve_meta_disable_header":"on","neve_meta_disable_footer":"on","neve_meta_disable_title":"on","_themeisle_gutenberg_block_has_review":false,"footnotes":""},"class_list":["post-5","page","type-page","status-publish","hentry"],"_links":{"self":[{"href":"https:\/\/xn--jrg-dietiker-dlb.ch\/index.php?rest_route=\/wp\/v2\/pages\/5","targetHints":{"allow":["GET"]}}],"collection":[{"href":"https:\/\/xn--jrg-dietiker-dlb.ch\/index.php?rest_route=\/wp\/v2\/pages"}],"about":[{"href":"https:\/\/xn--jrg-dietiker-dlb.ch\/index.php?rest_route=\/wp\/v2\/types\/page"}],"author":[{"embeddable":true,"href":"https:\/\/xn--jrg-dietiker-dlb.ch\/index.php?rest_route=\/wp\/v2\/users\/1"}],"replies":[{"embeddable":true,"href":"https:\/\/xn--jrg-dietiker-dlb.ch\/index.php?rest_route=%2Fwp%2Fv2%2Fcomments&post=5"}],"version-history":[{"count":42,"href":"https:\/\/xn--jrg-dietiker-dlb.ch\/index.php?rest_route=\/wp\/v2\/pages\/5\/revisions"}],"predecessor-version":[{"id":251,"href":"https:\/\/xn--jrg-dietiker-dlb.ch\/index.php?rest_route=\/wp\/v2\/pages\/5\/revisions\/251"}],"wp:attachment":[{"href":"https:\/\/xn--jrg-dietiker-dlb.ch\/index.php?rest_route=%2Fwp%2Fv2%2Fmedia&parent=5"}],"curies":[{"name":"wp","href":"https:\/\/api.w.org\/{rel}","templated":true}]}}